444887?
7, 19, 40939
List the prime factors of 16214674.
2, 7, 31, 37361
List the prime factors of 2481977.
2481977
What are the prime factors of 21173683?
29, 683, 1069
What are the prime factors of 113259?
3, 19, 1987
What are the prime factors of 20440908?
2, 3, 83, 6841
What are the prime factors of 2006305?
5, 7, 19, 431
What are the prime factors of 37820848?
2, 13, 71, 197
What are the prime factors of 1396679?
1396679
List the prime factors of 229211.
17, 97, 139
List the prime factors of 4158983.
47, 107, 827
List the prime factors of 16622100.
2, 3, 5, 11, 23, 73
List the prime factors of 1380765.
3, 5, 92051
List the prime factors of 117915.
3, 5, 7, 1123
List the prime factors of 14176235.
5, 73, 38839
What are the prime factors of 13678473?
3, 4559491
List the prime factors of 972295.
5, 163, 1193
List the prime factors of 41414568.
2, 3, 13, 132739
What are the prime factors of 2618825?
5, 11, 89, 107
List the prime factors of 64782.
2, 3, 59, 61
List the prime factors of 4569840.
2, 3, 5, 11, 577
List the prime factors of 34032.
2, 3, 709
What are the prime factors of 37936246?
2, 23, 824701
List the prime factors of 1277645.
5, 59, 61, 71
List the prime factors of 2018927.
2018927
What are the prime factors of 196415?
5, 163, 241
List the prime factors of 69635.
5, 19, 733
What are the prime factors of 8513613?
3, 43, 7333
List the prime factors of 2513477.
2513477
List the prime factors of 7718527.
17, 454031
List the prime factors of 8507730.
2, 3, 5, 7, 11, 29, 127
What are the prime factors of 256520?
2, 5, 11, 53
What are the prime factors of 15171654?
2, 3, 137, 18457
What are the prime factors of 7464069?
3, 43, 2143
List the prime factors of 671773.
373, 1801
What are the prime factors of 300915?
3, 5, 743
What are the prime factors of 2512460?
2, 5, 269, 467
List the prime factors of 412415.
5, 82483
What are the prime factors of 3485296?
2, 61, 3571
List the prime factors of 262147.
262147
What are the prime factors of 144936?
2, 3, 11, 61
List the prime factors of 12257526.
2, 3, 373, 5477
What are the prime factors of 11413928?
2, 1426741
What are the prime factors of 3461833?
89, 97, 401
What are the prime factors of 22485404?
2, 2221, 2531
List the prime factors of 158941.
158941
What are the prime factors of 13966951?
29, 481619
List the prime factors of 5218490.
2, 5, 17, 30697
List the prime factors of 7315264.
2, 11, 10391
List the prime factors of 1002097.
673, 1489
What are the prime factors of 192074?
2, 137, 701
What are the prime factors of 995563?
977, 1019
What are the prime factors of 22717159?
22717159
List the prime factors of 838341.
3, 7, 1901
What are the prime factors of 182203?
7, 26029
List the prime factors of 2301400.
2, 5, 37, 311
What are the prime factors of 13237340?
2, 5, 29, 787
What are the prime factors of 34586?
2, 17293
What are the prime factors of 89358?
2, 3, 53, 281
What are the prime factors of 212592?
2, 3, 43, 103
What are the prime factors of 299437?
23, 47, 277
What are the prime factors of 30689880?
2, 3, 5, 13, 103, 191
What are the prime factors of 301867?
301867
What are the prime factors of 15824633?
11, 29, 113, 439
What are the prime factors of 124136?
2, 59, 263
List the prime factors of 2188126.
2, 97, 11279
List the prime factors of 268507.
268507
What are the prime factors of 4986079?
7, 61, 11677
List the prime factors of 175001.
139, 1259
List the prime factors of 1122166.
2, 561083
What are the prime factors of 1466879?
17, 86287
What are the prime factors of 15659912?
2, 43, 45523
List the prime factors of 113857.
41, 2777
List the prime factors of 1422007.
1422007
List the prime factors of 143025.
3, 5, 1907
List the prime factors of 23963.
31, 773
What are the prime factors of 10657234?
2, 7, 23, 1439
What are the prime factors of 2533488?
2, 3, 47, 1123
List the prime factors of 17869925.
5, 714797
List the prime factors of 332207.
332207
What are the prime factors of 309118?
2, 127, 1217
List the prime factors of 193075.
5, 7723
What are the prime factors of 229670?
2, 5, 7, 17, 193
List the prime factors of 186223.
73, 2551
List the prime factors of 12965613.
3, 4321871
What are the prime factors of 269596?
2, 67399
What are the prime factors of 16317631?
11, 41, 97, 373
What are the prime factors of 3845121?
3, 7, 283, 647
List the prime factors of 147599.
103, 1433
List the prime factors of 20143898.
2, 59, 170711
List the prime factors of 71684.
2, 17921
List the prime factors of 3715308.
2, 3, 11467
List the prime factors of 3680211.
3, 17, 72161
What are the prime factors of 7684145?
5, 7, 219547
List the prime factors of 1952888.
2, 7, 43, 811
What are the prime factors of 910782?
2, 3, 50599
List the prime factors of 19707529.
3911, 5039
What are the prime factors of 325815?
3, 5, 7, 29, 107
List the prime factors of 2503582.
2, 1251791
List the prime factors of 876380.
2, 5, 29, 1511
What are the prime factors of 3684881?
3684881
What are the prime factors of 238222?
2, 19, 6269
List the prime factors of 174573.
3, 7, 17, 163
List the prime factors of 58543.
58543
List the prime factors of 1728142.
2, 13, 66467
List the prime factors of 3062824.
2, 349, 1097
What are the prime factors of 548022?
2, 3, 149, 613
What are the prime factors of 152750?
2, 5, 13, 47
What are the prime factors of 254431?
43, 61, 97
What are the prime factors of 26855393?
17, 31, 131, 389
List the prime factors of 26883407.
3803, 7069
List the prime factors of 306916.
2, 277
List the prime factors of 501774.
2, 3, 7, 13, 919
What are the prime factors of 187667?
67, 2801
What are the prime factors of 2589021?
3, 287669
What are the prime factors of 207961?
13, 17, 941
List the prime factors of 721133.
7, 14717
What are the prime factors of 252297?
3, 17, 97
List the prime factors of 43552.
2, 1361
List the prime factors of 6596134.
2, 73, 45179
List the prime factors of 936138.
2, 3, 7, 31, 719
What are the prime factors of 1060284?
2, 3, 149, 593
List the prime factors of 1815749.
13, 197, 709
What are the prime factors of 201622?
2, 100811
What are the prime factors of 13370686?
2, 7, 587, 1627
What are the prime factors of 3745910?
2, 5, 7, 59, 907
List the prime factors of 4133468.
2, 23, 179, 251
List the prime factors of 9411001.
457, 20593
What are the prime factors of 75067?
271, 277
List the prime factors of 3733380.
2, 3, 5, 7, 2963
List the prime factors of 81541.
73, 1117
List the prime factors of 17667887.
23, 768169
What are the prime factors of 943524?
2, 3, 26209
List the prime factors of 2191.
7, 313
What are the prime factors of 793542?
2, 3, 132257
What are the prime factors of 1092731?
1092731
List the prime factors of 424578.
2, 3, 7, 11, 919
What are the prime factors of 89420?
2, 5, 17, 263
List the prime factors of 1230545.
5, 17, 31, 467
What are the prime factors of 1316391?
3, 523, 839
List the prime factors of 46257.
3, 17, 907
What are the prime factors of 204906?
2, 3, 13, 37, 71
What are the prime factors of 169401?
3, 56467
What are the prime factors of 240151?
240151
List the prime factors of 1385998.
2, 149, 4651
What are the prime factors of 40672984?
2, 11, 41, 11273
List the prime factors of 770695.
5, 17, 9067
List the prime factors of 99161.
17, 19, 307
List the prime factors of 6083916.
2, 3, 506993
What are the prime factors of 590976?
2, 3, 19
List the prime factors of 711328.
2, 22229
What are the prime factors of 144231?
3, 131, 367
List the prime factors of 16807648.
2, 11, 13, 3673
What are the prime factors of 68310?
2, 3, 5, 11, 23
List the prime factors of 258293.
7, 36899
What are the prime factors of 12526237?
23, 733, 743
List the prime factors of 801909.
3, 89101
What are the prime factors of 24662483?
61, 101, 4003
List the prime factors of 27982.
2, 17, 823
List the prime factors of 4649.
4649
List the prime factors of 2352090.
2, 3, 5, 13, 37, 163
What are the prime factors of 1658408?
2, 207301
What are the prime factors of 4038245?
5, 379, 2131
List the prime factors of 1185380.
2, 5, 7, 8467
List the prime factors of 129825.
3, 5, 577
List the prime factors of 5711740.
2, 5, 277, 1031
What are the prime factors of 758372?
2, 189593
What are the prime factors of 2185997?
11, 37, 41, 131
List the prime factors